s digit of 1186798356?
1
What is the hundreds digit of 203245789?
7
What is the ten millions digit of 92603915?
9
What is the hundred thousands digit of 405413888?
4
What is the hundreds digit of 79483852?
8
What is the ten thousands digit of 27645252?
4
What is the ten thousands digit of 653427113?
2
What is the ten millions digit of 1461286868?
6
What is the hundreds digit of 114241040?
0
What is the tens digit of 6209513680?
8
What is the hundred millions digit of 374420771?
3
What is the hundred thousands digit of 3368896088?
8
What is the hundreds digit of 164786230?
2
What is the ten millions digit of 49347776?
4
What is the ten millions digit of 95277390?
9
What is the hundred thousands digit of 121544159?
5
What is the ten millions digit of 11062158?
1
What is the hundred thousands digit of 6869299?
8
What is the hundreds digit of 190016115?
1
What is the tens digit of 697531481?
8
What is the ten millions digit of 335448754?
3
What is the tens digit of 29370019?
1
What is the thousands digit of 153553677?
3
What is the ten millions digit of 35008950?
3
What is the ten millions digit of 4533282356?
3
What is the tens digit of 593771101?
0
What is the tens digit of 181375999?
9
What is the hundred millions digit of 841897719?
8
What is the millions digit of 172541144?
2
What is the hundreds digit of 266662920?
9
What is the millions digit of 30906977?
0
What is the hundred millions digit of 849970825?
8
What is the tens digit of 3910535663?
6
What is the hundred thousands digit of 3315209035?
2
What is the hundred millions digit of 224562475?
2
What is the ten thousands digit of 65001775?
0
What is the hundred millions digit of 196568173?
1
What is the ten millions digit of 1477048813?
7
What is the millions digit of 38157375?
8
What is the hundred millions digit of 1298191240?
2
What is the hundred thousands digit of 3965849?
9
What is the tens digit of 44411887?
8
What is the thousands digit of 316332287?
2
What is the hundreds digit of 1841283938?
9
What is the thousands digit of 106227744?
7
What is the ten millions digit of 2228814408?
2
What is the hundred thousands digit of 24689875?
6
What is the ten thousands digit of 284590614?
9
What is the hundred thousands digit of 234109980?
1
What is the thousands digit of 4555376?
5
What is the hundred millions digit of 262090081?
2
What is the units digit of 335258166?
6
What is the tens digit of 987152492?
9
What is the millions digit of 676883679?
6
What is the ten thousands digit of 43932031?
3
What is the ten millions digit of 259552059?
5
What is the hundreds digit of 300093282?
2
What is the billions digit of 1927949996?
1
What is the units digit of 499270054?
4
What is the millions digit of 52438012?
2
What is the hundred millions digit of 737471406?
7
What is the units digit of 2484824089?
9
What is the hundred thousands digit of 60145129?
1
What is the ten thousands digit of 6040976139?
7
What is the ten thousands digit of 1604509661?
0
What is the ten millions digit of 135307922?
3
What is the tens digit of 1783277511?
1
What is the ten millions digit of 123117861?
2
What is the hundred thousands digit of 230567951?
5
What is the tens digit of 2372031520?
2
What is the hundred millions digit of 241040165?
2
What is the millions digit of 1118839218?
8
What is the thousands digit of 1123957281?
7
What is the ten millions digit of 83860842?
8
What is the thousands digit of 209265184?
5
What is the millions digit of 33803611?
3
What is the hundred thousands digit of 385641439?
6
What is the units digit of 156388658?
8
What is the hundreds digit of 92148607?
6
What is the hundreds digit of 686274960?
9
What is the hundred thousands digit of 142156462?
1
What is the millions digit of 313751574?
3
What is the ten thousands digit of 172873456?
7
What is the hundreds digit of 520432862?
8
What is the units digit of 675395539?
9
What is the thousands digit of 118107836?
7
What is the ten thousands digit of 168396128?
9
What is the millions digit of 203854750?
3
What is the tens digit of 9884312?
1
What is the ten millions digit of 79061348?
7
What is the ten millions digit of 358536491?
5
What is the millions digit of 54682893?
4
What is the millions digit of 1264891586?
4
What is the millions digit of 99133845?
9
What is the hundred thousands digit of 2019196?
0
What is the tens digit of 603008784?
8
What is the millions digit of 1363737435?
3
What is the millions digit of 144748108?
4
What is the units digit of 84995706?
6
What is the hundred thousands digit of 56154973?
1
What is the ten millions digit of 1218531236?
1
What is the tens digit of 281939215?
1
What is the hundred millions digit of 543964586?
5
What is the hundred thousands digit of 56809265?
8
What is the ten millions digit of 91016400?
9
What is the billions digit of 3026670842?
3
What is the millions digit of 248038199?
8
What is the ten millions digit of 452735910?
5
What is the millions digit of 1558225139?
8
What is the units digit of 1039023491?
1
What is the ten millions digit of 86275669?
8
What is the units digit of 765221729?
9
What is the billions digit of 1323371935?
1
What is the hundreds digit of 20643973?
9
What is the millions digit of 196973259?
6
What is the hundred thousands digit of 904621125?
6
What is the hundreds digit of 430190896?
8
What is the thousands digit of 11617211?
7
What is the tens digit of 148863011?
1
What is the tens digit of 8752468?
6
What is the tens digit of 88910226?
2
What is the hundreds digit of 4101765?
7
What is the thousands digit of 342730274?
0
What is the billions digit of 1831623993?
1
What is the millions digit of 1251780920?
1
What is the millions digit of 995651896?
5
What is the units digit of 755797056?
6
What is the ten millions digit of 49405102?
4
What is the tens digit of 191438256?
5
What is the ten thousands digit of 17446302?
4
What is the hundred thousands digit of 99094815?
0
What is the thousands digit of 441101718?
1
What is the tens digit of 722758708?
0
What is the hundred millions digit of 1384777333?
3
What is the ten thousands digit of 46645369?
4
What is the hundreds digit of 63978108?
1
What is the hundred thousands digit of 98203328?
2
What is the hundreds digit of 84648743?
7
What is the ten millions digit of 163096278?
6
What is the units digit of 93597034?
4
What is the hundred thousands digit of 1266319785?
3
What is the thousands digit of 1739491194?
1
What is the tens digit of 51800850?
5
What is the thousands digit of 92020080?
0
What is the units digit of 1340293274?
4
What is the thousands digit of 135682316?
2
What is the hundred millions digit of 183785118?
1
What is the millions digit of 866996633?
6
What is the ten millions digit of 432421956?
3
What is the millions digit of 601817043?
1
What is the hundred thousands digit of 580428789?
4
What is the ten thousands digit of 468223006?
2
What is the units digit of 181815061?
1
What is the millions digit of 38125808?
8
What is the hundreds digit of 1246806381?
3
What is the ten millions digit of 626534426?
2
What is the tens digit of 125299204?
0
What is the thousands digit of 84787051?
7
What is the thousands digit of 303585545?
5
What is the units digit of 976548513?
3
What is the ten thousands digit of 27961221?
6
What is the units digit of 906301109?
9
What is the ten thousands digit of 37134385?
3
What is the hundred millions digit of 296939227?
2
What is the ten thousands digit of 36938171?
3
What is the hundred thousands digit of 103735222?
7
What is the millions digit of 163624738?
3
What is the hundred millions digit of 2720402993?
7
What is the hundreds digit of 135198239?
2
What is the ten millions digit of 236333671?
3
What is the units digit of 168212635?
5
What is the units digit of 8454760842?
2
What is the tens digit of 583820647?
4
What is the tens digit of 231625908?
0
What is the units digit of 163491979?
9
What is the hundred thousands digit of 57309085?
3
What is the tens digit of 16802293?
9
What is the millions digit of 425735222?
5
What is the tens digit of 88212381?
8
What is the units digit of 363240084?
4
What is the hundred millions digit of 1145951778?
1
What is the billions digit of 3731815955?
3
What is the ten thousands digit of 2264619202?
1
What 